{"id":8,"date":"2024-05-24T13:14:48","date_gmt":"2024-05-24T11:14:48","guid":{"rendered":"https:\/\/lcd-awards.com\/?page_id=8"},"modified":"2026-04-02T09:24:19","modified_gmt":"2026-04-02T07:24:19","slug":"accueil","status":"publish","type":"page","link":"https:\/\/lcd-awards.com\/","title":{"rendered":"Accueil-LCD Awards"},"content":{"rendered":"","protected":false},"excerpt":{"rendered":"","protected":false},"author":1,"featured_media":6,"parent":0,"menu_order":0,"comment_status":"closed","ping_status":"closed","template":"","meta":{"saved_in_kubio":true,"footnotes":""},"class_list":["post-8","page","type-page","status-publish","has-post-thumbnail","hentry"],"kubio_ai_page_context":{"short_desc":"","purpose":"general","isFrontPage":true},"yoast_head":"<!-- This site is optimized with the Yoast SEO plugin v25.6 - https:\/\/yoast.com\/wordpress\/plugins\/seo\/ -->\n<title>Accueil-LCD Awards - LCD-AWARDS<\/title>\n<meta name=\"description\" content=\"Participez aux LCD Awards, le seul evenement r\u00e9compensant les locations courtes dur\u00e9es ger\u00e9es par des professionnels. Proposez vos biens\" \/>\n<meta name=\"robots\" content=\"index, follow, max-snippet:-1, max-image-preview:large, max-video-preview:-1\" \/>\n<link rel=\"canonical\" href=\"https:\/\/lcd-awards.com\/\" \/>\n<meta property=\"og:locale\" content=\"fr_FR\" \/>\n<meta property=\"og:type\" content=\"article\" \/>\n<meta property=\"og:title\" content=\"Accueil-LCD Awards - LCD-AWARDS\" \/>\n<meta property=\"og:description\" content=\"Participez aux LCD Awards, le seul evenement r\u00e9compensant les locations courtes dur\u00e9es ger\u00e9es par des professionnels. Proposez vos biens\" \/>\n<meta property=\"og:url\" content=\"https:\/\/lcd-awards.com\/\" \/>\n<meta property=\"og:site_name\" content=\"LCD-AWARDS\" \/>\n<meta property=\"article:modified_time\" content=\"2026-04-02T07:24:19+00:00\" \/>\n<meta property=\"og:image\" content=\"https:\/\/lcd-awards.com\/wp-content\/uploads\/2024\/05\/LCD-Awards.jpeg\" \/>\n\t<meta property=\"og:image:width\" content=\"367\" \/>\n\t<meta property=\"og:image:height\" content=\"365\" \/>\n\t<meta property=\"og:image:type\" content=\"image\/jpeg\" \/>\n<meta name=\"twitter:card\" content=\"summary_large_image\" \/>\n<meta name=\"twitter:label1\" content=\"Dur\u00e9e de lecture estim\u00e9e\" \/>\n\t<meta name=\"twitter:data1\" content=\"1 minute\" \/>\n<script type=\"application\/ld+json\" class=\"yoast-schema-graph\">{\"@context\":\"https:\/\/schema.org\",\"@graph\":[{\"@type\":\"WebPage\",\"@id\":\"https:\/\/lcd-awards.com\/\",\"url\":\"https:\/\/lcd-awards.com\/\",\"name\":\"Accueil-LCD Awards - LCD-AWARDS\",\"isPartOf\":{\"@id\":\"https:\/\/lcd-awards.com\/#website\"},\"primaryImageOfPage\":{\"@id\":\"https:\/\/lcd-awards.com\/#primaryimage\"},\"image\":{\"@id\":\"https:\/\/lcd-awards.com\/#primaryimage\"},\"thumbnailUrl\":\"https:\/\/lcd-awards.com\/wp-content\/uploads\/2024\/05\/LCD-Awards.jpeg\",\"datePublished\":\"2024-05-24T11:14:48+00:00\",\"dateModified\":\"2026-04-02T07:24:19+00:00\",\"description\":\"Participez aux LCD Awards, le seul evenement r\u00e9compensant les locations courtes dur\u00e9es ger\u00e9es par des professionnels. Proposez vos biens\",\"breadcrumb\":{\"@id\":\"https:\/\/lcd-awards.com\/#breadcrumb\"},\"inLanguage\":\"fr-FR\",\"potentialAction\":[{\"@type\":\"ReadAction\",\"target\":[\"https:\/\/lcd-awards.com\/\"]}]},{\"@type\":\"ImageObject\",\"inLanguage\":\"fr-FR\",\"@id\":\"https:\/\/lcd-awards.com\/#primaryimage\",\"url\":\"https:\/\/lcd-awards.com\/wp-content\/uploads\/2024\/05\/LCD-Awards.jpeg\",\"contentUrl\":\"https:\/\/lcd-awards.com\/wp-content\/uploads\/2024\/05\/LCD-Awards.jpeg\",\"width\":367,\"height\":365,\"caption\":\"LCD Awards, troph\u00e9es de la Location Courte Dur\u00e9e\"},{\"@type\":\"BreadcrumbList\",\"@id\":\"https:\/\/lcd-awards.com\/#breadcrumb\",\"itemListElement\":[{\"@type\":\"ListItem\",\"position\":1,\"name\":\"Accueil\",\"item\":\"https:\/\/lcd-awards.com\/\"},{\"@type\":\"ListItem\",\"position\":2,\"name\":\"Accueil-LCD Awards\"}]},{\"@type\":\"WebSite\",\"@id\":\"https:\/\/lcd-awards.com\/#website\",\"url\":\"https:\/\/lcd-awards.com\/\",\"name\":\"LCD-AWARDS\",\"description\":\"Troph\u00e9es de la Location Courte Dur\u00e9e\",\"publisher\":{\"@id\":\"https:\/\/lcd-awards.com\/#organization\"},\"potentialAction\":[{\"@type\":\"SearchAction\",\"target\":{\"@type\":\"EntryPoint\",\"urlTemplate\":\"https:\/\/lcd-awards.com\/?s={search_term_string}\"},\"query-input\":{\"@type\":\"PropertyValueSpecification\",\"valueRequired\":true,\"valueName\":\"search_term_string\"}}],\"inLanguage\":\"fr-FR\"},{\"@type\":\"Organization\",\"@id\":\"https:\/\/lcd-awards.com\/#organization\",\"name\":\"LCD-AWARDS\",\"url\":\"https:\/\/lcd-awards.com\/\",\"logo\":{\"@type\":\"ImageObject\",\"inLanguage\":\"fr-FR\",\"@id\":\"https:\/\/lcd-awards.com\/#\/schema\/logo\/image\/\",\"url\":\"https:\/\/lcd-awards.com\/wp-content\/uploads\/2026\/04\/LCD-Logo-Or-Fond-Transparent-2.png\",\"contentUrl\":\"https:\/\/lcd-awards.com\/wp-content\/uploads\/2026\/04\/LCD-Logo-Or-Fond-Transparent-2.png\",\"width\":500,\"height\":500,\"caption\":\"LCD-AWARDS\"},\"image\":{\"@id\":\"https:\/\/lcd-awards.com\/#\/schema\/logo\/image\/\"}}]}<\/script>\n<!-- \/ Yoast SEO plugin. -->","yoast_head_json":{"title":"Accueil-LCD Awards - LCD-AWARDS","description":"Participez aux LCD Awards, le seul evenement r\u00e9compensant les locations courtes dur\u00e9es ger\u00e9es par des professionnels. Proposez vos biens","robots":{"index":"index","follow":"follow","max-snippet":"max-snippet:-1","max-image-preview":"max-image-preview:large","max-video-preview":"max-video-preview:-1"},"canonical":"https:\/\/lcd-awards.com\/","og_locale":"fr_FR","og_type":"article","og_title":"Accueil-LCD Awards - LCD-AWARDS","og_description":"Participez aux LCD Awards, le seul evenement r\u00e9compensant les locations courtes dur\u00e9es ger\u00e9es par des professionnels. Proposez vos biens","og_url":"https:\/\/lcd-awards.com\/","og_site_name":"LCD-AWARDS","article_modified_time":"2026-04-02T07:24:19+00:00","og_image":[{"width":367,"height":365,"url":"https:\/\/lcd-awards.com\/wp-content\/uploads\/2024\/05\/LCD-Awards.jpeg","type":"image\/jpeg"}],"twitter_card":"summary_large_image","twitter_misc":{"Dur\u00e9e de lecture estim\u00e9e":"1 minute"},"schema":{"@context":"https:\/\/schema.org","@graph":[{"@type":"WebPage","@id":"https:\/\/lcd-awards.com\/","url":"https:\/\/lcd-awards.com\/","name":"Accueil-LCD Awards - LCD-AWARDS","isPartOf":{"@id":"https:\/\/lcd-awards.com\/#website"},"primaryImageOfPage":{"@id":"https:\/\/lcd-awards.com\/#primaryimage"},"image":{"@id":"https:\/\/lcd-awards.com\/#primaryimage"},"thumbnailUrl":"https:\/\/lcd-awards.com\/wp-content\/uploads\/2024\/05\/LCD-Awards.jpeg","datePublished":"2024-05-24T11:14:48+00:00","dateModified":"2026-04-02T07:24:19+00:00","description":"Participez aux LCD Awards, le seul evenement r\u00e9compensant les locations courtes dur\u00e9es ger\u00e9es par des professionnels. Proposez vos biens","breadcrumb":{"@id":"https:\/\/lcd-awards.com\/#breadcrumb"},"inLanguage":"fr-FR","potentialAction":[{"@type":"ReadAction","target":["https:\/\/lcd-awards.com\/"]}]},{"@type":"ImageObject","inLanguage":"fr-FR","@id":"https:\/\/lcd-awards.com\/#primaryimage","url":"https:\/\/lcd-awards.com\/wp-content\/uploads\/2024\/05\/LCD-Awards.jpeg","contentUrl":"https:\/\/lcd-awards.com\/wp-content\/uploads\/2024\/05\/LCD-Awards.jpeg","width":367,"height":365,"caption":"LCD Awards, troph\u00e9es de la Location Courte Dur\u00e9e"},{"@type":"BreadcrumbList","@id":"https:\/\/lcd-awards.com\/#breadcrumb","itemListElement":[{"@type":"ListItem","position":1,"name":"Accueil","item":"https:\/\/lcd-awards.com\/"},{"@type":"ListItem","position":2,"name":"Accueil-LCD Awards"}]},{"@type":"WebSite","@id":"https:\/\/lcd-awards.com\/#website","url":"https:\/\/lcd-awards.com\/","name":"LCD-AWARDS","description":"Troph\u00e9es de la Location Courte Dur\u00e9e","publisher":{"@id":"https:\/\/lcd-awards.com\/#organization"},"potentialAction":[{"@type":"SearchAction","target":{"@type":"EntryPoint","urlTemplate":"https:\/\/lcd-awards.com\/?s={search_term_string}"},"query-input":{"@type":"PropertyValueSpecification","valueRequired":true,"valueName":"search_term_string"}}],"inLanguage":"fr-FR"},{"@type":"Organization","@id":"https:\/\/lcd-awards.com\/#organization","name":"LCD-AWARDS","url":"https:\/\/lcd-awards.com\/","logo":{"@type":"ImageObject","inLanguage":"fr-FR","@id":"https:\/\/lcd-awards.com\/#\/schema\/logo\/image\/","url":"https:\/\/lcd-awards.com\/wp-content\/uploads\/2026\/04\/LCD-Logo-Or-Fond-Transparent-2.png","contentUrl":"https:\/\/lcd-awards.com\/wp-content\/uploads\/2026\/04\/LCD-Logo-Or-Fond-Transparent-2.png","width":500,"height":500,"caption":"LCD-AWARDS"},"image":{"@id":"https:\/\/lcd-awards.com\/#\/schema\/logo\/image\/"}}]}},"_links":{"self":[{"href":"https:\/\/lcd-awards.com\/index.php\/wp-json\/wp\/v2\/pages\/8","targetHints":{"allow":["GET"]}}],"collection":[{"href":"https:\/\/lcd-awards.com\/index.php\/wp-json\/wp\/v2\/pages"}],"about":[{"href":"https:\/\/lcd-awards.com\/index.php\/wp-json\/wp\/v2\/types\/page"}],"author":[{"embeddable":true,"href":"https:\/\/lcd-awards.com\/index.php\/wp-json\/wp\/v2\/users\/1"}],"replies":[{"embeddable":true,"href":"https:\/\/lcd-awards.com\/index.php\/wp-json\/wp\/v2\/comments?post=8"}],"version-history":[{"count":62,"href":"https:\/\/lcd-awards.com\/index.php\/wp-json\/wp\/v2\/pages\/8\/revisions"}],"predecessor-version":[{"id":810,"href":"https:\/\/lcd-awards.com\/index.php\/wp-json\/wp\/v2\/pages\/8\/revisions\/810"}],"wp:featuredmedia":[{"embeddable":true,"href":"https:\/\/lcd-awards.com\/index.php\/wp-json\/wp\/v2\/media\/6"}],"wp:attachment":[{"href":"https:\/\/lcd-awards.com\/index.php\/wp-json\/wp\/v2\/media?parent=8"}],"curies":[{"name":"wp","href":"https:\/\/api.w.org\/{rel}","templated":true}]}}